lculate h(1).
-1
Let d(p) = -2*p**3 - 755*p**2 - 368*p + 3412. Give d(-377).
19
Let m(x) = -31*x**2 + 25979*x - 78485. Determine m(835).
5
Let w(i) = 13*i**3 - 6279*i**2 - 20*i + 9655. Determine w(483).
-5
Let v(p) = 2*p**3 + 183*p**2 - 2201*p + 1746. What is v(10)?
36
Let u(x) = -12444*x + 5363336. Determine u(431).
-28
Let y(z) = -21*z**2 - 9199*z + 55939. What is y(6)?
-11
Let a(r) = 4*r**3 + 34*r**2 + 203*r + 61. Give a(-7).
-1066
Let y(u) = 2*u**2 - 3813*u + 86641. Calculate y(23).
0
Let h(w) = -w**2 - 50086*w + 450833. Calculate h(9).
-22
Let x(p) = -22*p**2 + 175*p + 1021. Calculate x(12).
-47
Let f(n) = -1374*n - 33127. Determine f(-27).
3971
Let c(g) = 650*g - 152071. Calculate c(234).
29
Let z(k) = -390*k + 22541. What is z(58)?
-79
Let g(z) = -5*z**3 + 1266*z**2 + 823*z + 49016. Calculate g(254).
-6
Let c(g) = 2893*g**2 + 57849*g - 212. Give c(-20).
8
Let o(d) = -d**3 - 25*d**2 + 482*d + 11323. Calculate o(-26).
-533
Let i(j) = -18*j - 4561. What is i(-51)?
-3643
Let t(h) = -604*h + 254328. Determine t(421).
44
Let w(o) = -8132*o + 24524. Determine w(3).
128
Let v(h) = 1112*h + 311528. What is v(-280)?
168
Let c(j) = -2*j**3 + 36*j**2 - 98*j - 19. Determine c(5).
141
Let x(t) = -5*t**2 - 131*t + 1786. Determine x(11).
-260
Let c(s) = 483*s**3 + 5802*s**2 + 63*s + 18. What is c(-12)?
126
Let d(i) = 109*i + 20110. Determine d(-185).
-55
Let c(d) = 107*d**2 - 3859*d + 199. What is c(36)?
-53
Let z(m) = -4*m**2 + 906*m - 35023. Calculate z(177).
23
Let v(k) = 153*k - 9256. Determine v(60).
-76
Let d(l) = 1161*l - 7836. Determine d(7).
291
Let h(n) = -3921*n + 643055. Give h(164).
11
Let v(s) = s**3 - 74*s**2 - 137*s + 2494. Determine v(75).
-2156
Let h(v) = 4731*v + 19041. Give h(-4).
117
Let i(n) = 549*n + 3288. What is i(-6)?
-6
Let f(q) = q**2 + 6693*q + 911028. Calculate f(-139).
22
Let f(y) = -y**2 + 594*y + 1191. What is f(-2)?
-1
Let b(a) = -a**3 + 14*a**2 - 46*a + 726. Give b(13).
297
Let y(v) = -v**3 + 34*v**2 - 136*v + 1694. Determine y(25).
3919
Let m(u) = -32*u**2 - 341*u - 663. Calculate m(-8).
17
Let a(z) = 277*z**2 + 77834*z - 847. Calculate a(-281).
-4
Let n(f) = -72*f**2 - 48314*f - 898. Calculate n(-671).
444
Let v(f) = -4*f**3 - 46*f**2 - 196*f - 92. Calculate v(-8).
580
Let x(n) = -110*n**3 - 785*n**2 - 116*n + 5. Determine x(-7).
82
Let g(s) = s**3 + 101*s**2 + 2604*s + 3189. Determine g(-53).
9
Let m(c) = 2*c**3 - 53*c**2 + 323*c - 214. Calculate m(8).
2
Let z(y) = -y**3 + 18*y**2 + 18*y - 332. Calculate z(19).
-351
Let p(i) = -1818*i**2 + 2*i + 229. Calculate p(0).
229
Let s(m) = -m**3 + 47*m**2 + 679*m + 75. Determine s(-12).
423
Let m(y) = 2916*y + 34648. What is m(-12)?
-344
Let t(i) = 753*i - 220626. What is t(293)?
3
Let r(p) = -592498*p - 2369999. Determine r(-4).
-7
Let j(v) = 28*v**2 - 1509*v - 11942. Determine j(-7).
-7
Let h(d) = -d**3 + 482*d**2 + 1344*d + 53835. Determine h(485).
0
Let h(v) = 678834*v - 678829. Give h(1).
5
Let g(u) = 170*u**2 + 1043*u + 143. Give g(-6).
5
Let j(f) = 20*f**2 - 3456*f + 130567. What is j(117)?
-5
Let v(f) = -f**3 + 165*f**2 + 2301*f + 2309. Calculate v(178).
-5
Let t(g) = -89335*g + 89485. What is t(1)?
150
Let m(n) = -2*n**3 - 572*n**2 - 2243*n + 3644. Determine m(-282).
-22
Let s(k) = -2110*k + 350290. Give s(166).
30
Let k(y) = 70*y**3 + 515*y**2 + 8*y - 31. Give k(-7).
1138
Let p(o) = 16031*o - 80167. What is p(5)?
-12
Let v(p) = 2*p**3 - 406*p**2 - p - 789. Calculate v(203).
-992
Let m(y) = 11*y**2 + 518*y - 2864. Calculate m(5).
1
Let y(l) = -120*l + 1937. Calculate y(15).
137
Let c(t) = 81*t**3 - 9660*t**2 + 19323*t - 4. What is c(2)?
650
Let d(q) = -1637*q - 1651742. Calculate d(-1009).
-9
Let h(i) = 15*i**3 + 975*i**2 + 143*i + 9309. Calculate h(-65).
14
Let g(f) = 14096*f - 14815. Calculate g(1).
-719
Let q(i) = i**2 + 27*i - 3091. What is q(57)?
1697
Let m(c) = 4*c**3 + 301*c**2 + 3263*c + 324. What is m(-13)?
-14
Let x(y) = -5098*y - 6007. Determine x(-1).
-909
Let q(r) = -13*r**2 + 2226*r - 53633. What is q(29)?
-12
Let c(n) = 64*n**2 + 2611*n + 19423. What is c(-31)?
-14
Let v(f) = f**2 + 50*f - 84113. Calculate v(266).
-57
Let c(i) = 9*i**3 - 20*i**2 - 29*i + 72. What is c(2)?
6
Let b(h) = -2*h**3 + 58*h**2 - 82*h + 115. Calculate b(26).
2039
Let x(i) = -134*i - 3545. What is x(-34)?
1011
Let d(k) = -2*k**3 + 55*k**2 - 288*k - 385. What is d(9)?
20
Let n(c) = 14605*c + 104582. What is n(-7)?
2347
Let o(v) = 3*v**3 + 65*v**2 + 190*v + 16. Calculate o(-6).
568
Let n(v) = 679*v - 25909. Calculate n(39).
572
Let t(p) = -78157*p - 703422. Give t(-9).
-9
Let h(r) = 32117*r - 32048. Give h(1).
69
Let u(f) = -f**3 - 82*f**2 - 64*f + 1370. What is u(-81)?
-7
Let y(s) = 6*s**3 + 153*s**2 + 118*s + 1109. What is y(-25)?
34
Let k(z) = z**3 + 138*z**2 - 6894*z + 1565. Determine k(-177).
-28
Let h(w) = 41143*w + 40759. Calculate h(-1).
-384
Let u(g) = 2700*g - 48486. What is u(18)?
114
Let p(s) = -272*s**2 + 581*s + 13. Calculate p(2).
87
Let w(v) = 314*v**3 + v**2 - 719*v + 718. What is w(1)?
314
Let c(j) = 4*j**3 + 59*j**2 - 36*j - 143. Calculate c(-15).
172
Let h(a) = -a**3 + 14*a**2 + 209*a - 2788. What is h(16)?
44
Let q(h) = -h**2 + 313*h - 23608. Calculate q(236).
-5436
Let q(r) = 4377*r + 17471. Calculate q(-4).
-37
Let g(x) = -2*x**3 - 136*x**2 - 973*x - 105. What is g(-8)?
-1
Let k(u) = -4358*u - 30472. What is k(-7)?
34
Let h(a) = -6*a**2 - 482*a - 4766. What is h(-10)?
-546
Let p(s) = s**3 - 20*s**2 + 51*s + 74. Give p(13).
-446
Let s(z) = 1643*z + 28200. What is s(-17)?
269
Let g(z) = -222*z**2 - 149*z + 354. What is g(2)?
-832
Let l(d) = -2210*d + 8765. What is l(4)?
-75
Let a(x) = 21*x**2 - 2188*x + 2851. Determine a(103).
276
Let i(m) = m**3 - 56*m**2 - 38*m + 65. What is i(57)?
1148
Let n(z) = -2763*z - 26319. What is n(-11)?
4074
Let c(o) = -o**2 - 4104*o + 24606. Determine c(6).
-54
Let h(g) = -890*g**2 - 44489*g + 577. Give h(-50).
27
Let z(c) = -558*c**2 + 925*c - 187. What is z(1)?
180
Let f(y) = y**2 + 121*y + 2209. What is f(-82)?
-989
Let p(x) = -x**2 + 78823*x - 2993827. What is p(38)?
3
Let a(h) = 3*h**3 - 356*h**2 - 2773*h - 275. Calculate a(126).
-401
Let s(b) = 2*b**3 + 241*b**2 - 571*b + 157. Determine s(2).
-5
Let t(c) = -3*c**2 - 3214*c - 25512. Give t(-8).
8
Let a(w) = -w**2 + 6696*w - 80307. Give a(12).
-99
Let v(c) = 49*c**3 + 2621*c**2 - 1348*c + 106. Determine v(-54).
-2
Let j(r) = 13897*r - 83401. Give j(6).
-19
Let s(q) = -125*q**2 + 133*q + 721. Determine s(3).
-5
Let j(z) = 4421*z - 142213. What is j(32)?
-741
Let x(j) = -1306*j + 1077. Calculate x(0).
1077
Let n(l) = 6489*l + 47262. What is n(-7)?
1839
Let w(l) = -28*l**2 + 859*l - 615. Give w(30).
-45
Let l(o) = 10122*o + 6579305. Determine l(-650).
5
Let n(f) = 199*f + 14856. Determine n(-79).
-865
Let k(p) = -p**2 - 4341*p + 655095. Give k(146).
-7
Let a(z) = -18*z**2 + 140*z + 1077. Determine a(-7).
-785
Let p(w) = -1963*w - 78519. Determine p(-40).
1
Let c(h) = -6307*h + 37843. Calculate c(6).
1
Let s(t) = 303*t + 1342. Determine s(-10).
-1688
Let m(x) = 2*x**2 + 3262*x - 65906. What is m(20)?
134
Let l(b) = 10*b**3 - 13*b**2 + 253*b - 1385. Calculate l(6).
1825
Let a(o) = -1345*o - 1305. Give a(-1).
40
Let y(a) = -a**3 - 7*a**2 + 464*a - 653. Calculate y(18).
-401
Let w(m) = -222686*m - 16701455. Calculate w(-75).
-5
Let p(s) = s**3 - 15*s**2 - 165*s + 1832. Determine p(9).
-139
Let n(d) = 507*d - 445. What is n(6)?
2597
Let v(x) = -2*x**3 + 13*x**2 - 1121*x + 7930. Determine v(7).
34
Let t(s) = 18*s**2 + 1008*s + 13913. What is t(-28)?
-199
Let x(j) = -54179*j + 758547. Calculate x(14).
41
Let m(g) = -7*g**2 + 1569*g - 222. What is m(224)?
2
Let y(w) = 42*w**2 + 5042*w + 262. Give y(-120).
22
Let i(v) = -455*v + 6932. Calculate i(16).
-348
Let k(c) = -c**3 + 113*c**2 - 432*c - 3. Calculate k(4).
13
Let l(t) = t**3 + 54*t**2 + 721*t - 144. Give l(-29).
-28
Let g(y) = 77150*y - 848661. What is g(11)?
-11
Let j(m) = -1657*m - 18853. Give j(-10).
-2283
Let k(x) = -25743*x + 4710972. Determine k(183).
3
Let j(i) = -1188*i + 47530. Give j(40).
10
Let l(r) = 309*r**2 - 1923*r + 5771. Calculate l(3).
2783
Let y(w) = 288*w - 4880. Calculate y(17).
16
Let d(v) = 104*v**3 - 69466*v**2 - 4010*v + 1347. What is d(668)?
11
Let i(f) = 10*f**3 + 97*f**2 - 126*f + 36. Determine i(-